digit of q?
1
Suppose -5*k = 3*a + 8, -2*a - a + 4*k + 1 = 0. Let c(j) = 3*j - 3. Let x be c(3). Let w = x + a. What is the units digit of w?
5
Let p(r) be the first derivative of -5*r**4/4 + r**3/3 + r**2 + r - 2. Suppose 4 - 2 = -2*n. What is the units digit of p(n)?
5
What is the tens digit of 5*52/(-15)*-3?
5
Let q(l) = 51*l**3 - l**2 + l - 1. Let o be q(1). Let u(n) = 4*n**2 + 47*n - 9. Let k be u(-12). Suppose 2*d = -k*d + o. What is the tens digit of d?
1
Let a = -7 - -12. Suppose -a*p + 96 - 36 = 0. What is the tens digit of p?
1
Let r = 173 + -120. What is the tens digit of 3/(-6) - r/(-2)?
2
Let z(y) = y**3 - y**2 + 2*y - 2. Let i be z(3). Suppose x - r - i = -x, -16 = -2*x - 2*r. What is the tens digit of x?
1
Let n(f) = f - 3. Let y be n(5). Suppose t = -y*q - 3, -8*t + 9 = -3*t + 4*q. What is the units digit of t?
5
Suppose -18 = l - 3*i, 4*l + 5*i + 52 = 14. What is the units digit of l/(-14)*(6 - -1)?
6
Let n be (-2)/3 - (-2)/3. Suppose 3*k + k - 12 = n. Suppose -3*t - 15 = -4*z - 0*t, z + k*t - 15 = 0. What is the units digit of z?
6
Let b(n) = n - 2. Let x be b(3). Let l be -2*x + 1 + 7. What is the units digit of (10/4)/(l/12)?
5
Let x be ((-16)/(-2))/(2 - 0). Suppose -6 - 6 = -x*p. What is the units digit of p?
3
Let j(r) = r**3 + 12*r**2 + 2*r - 17. What is the units digit of j(-9)?
8
Suppose 97 + 2 = -3*v. Let j = v - -77. Suppose -2*l = -4*x + 2, -4*l + j = 5*x - x. What is the units digit of l?
7
Let u(z) = 3*z + 2. Let s = -4 - -2. Let t be u(s). What is the units digit of t/(-1 + (-3)/3)?
2
Let y(x) = -x**2 - 5*x - 4. Let o be y(-3). Suppose -1 = o*h - 7. Suppose 5*r + 0 + 7 = h*p, -3*p - 3*r = -39. What is the units digit of p?
9
Let b = 7 - 7. Suppose b*v = 3*v + 60. Let u = v + 36. What is the tens digit of u?
1
Let z = -1 - 2. Let c(b) = -3 + 2 + b + 5. What is the units digit of c(z)?
1
Suppose 0 = 5*b + 2*r - 8 + 1, 3*r + 27 = 5*b. Suppose 2*h + 3*g - 71 = 0, 0 = -0*h + b*h + 2*g - 99. What is the tens digit of h?
3
Let l(m) = -5*m - 28. What is the units digit of l(-8)?
2
Suppose 5*v = 3*j + 34, 2 = v + 3*j + 6. Let b(m) = -6*m + m**3 - v*m**2 - 2 + 0 + 6. What is the units digit of b(6)?
4
Let w(x) = -x**3 - 7*x**2 - 7*x + 3. Suppose 0 = -u - 0*u - 6. Let f be w(u). Let i = f + -2. What is the units digit of i?
7
What is the units digit of (-16)/(-56) + (-572)/(-7)?
2
Suppose 0 = -2*d - 8 - 30. Let l = 55 + d. What is the tens digit of l?
3
Suppose -2*x + 5*v - 2*v + 7 = 0, -x = -5*v - 7. Let m(l) = 2*l**3 - 2*l**2 - l. What is the units digit of m(x)?
6
Let d(n) = n**2 + 9*n + 27. What is the tens digit of d(-10)?
3
Let m(j) = 2*j**2 - 4*j + 3. What is the units digit of m(1)?
1
Let m be 26/2 + -1 - -2. Suppose r - m = -3. What is the tens digit of r?
1
Let v(z) = z**2 - 6*z - 4. Suppose -4*t + 22 = i - 3, -t = -4*i - 2. Let g be v(t). Let x = g - -5. What is the units digit of x?
1
Let j(o) = o**3 + 5*o**2 - o + 5. Suppose -3*c - 17 = -2*b, -c - 3*b - b = 1. What is the units digit of j(c)?
0
Let x = -162 - -258. What is the tens digit of x?
9
What is the tens digit of (-16)/24 - (-68)/3?
2
Let h be (-1 - (1 - 1))*-4. Suppose -6 + 0 = -f. Let b = f - h. What is the units digit of b?
2
Let r = -48 - -82. What is the tens digit of r?
3
Let q(l) = l**3 + 5*l**2 - 7*l + 5. Suppose 0 = 2*w + 12. What is the tens digit of q(w)?
1
Let v(c) = c**3 + 3*c**2 + c. Let z be v(-2). Let y(i) = 1 - i**z + 9 - 7*i + 0. What is the units digit of y(-7)?
0
Let s be 100/8*2*1. Suppose 5*k = -5 - s. What is the tens digit of 4/(-2) - 72/k?
1
Let o = 64 + -36. Suppose o = 4*l + a, 7*l - 21 = 4*l + 2*a. What is the units digit of l?
7
Let v(l) = 36*l**2 - 2*l + 1. Let z be v(1). Let n = 51 - z. What is the tens digit of n?
1
Suppose 4 = s + 7. What is the units digit of 1/(26/8 + s)?
4
Suppose 0 = 6*g - 2*g + o - 131, 6 = 2*o. What is the units digit of g?
2
Let t = 12 - 10. Suppose -t*p + 56 = -20. What is the tens digit of p?
3
Let z = -246 + 347. What is the tens digit of z?
0
Suppose 0 = -5*m - 4 - 1. Let g be (m - -2)/(0 + 1). Suppose -j + g = -1. What is the units digit of j?
2
Let s(n) = 2*n**2 + 3*n. Let l be s(-2). Let a be ((1 + -5)/l)/2. Let c = a + 8. What is the units digit of c?
7
Suppose -5*t - 10 = 0, -5*g + 4*t = t + 19. What is the units digit of g/((-10)/4) + 18?
0
Let g(q) = q**3 - q**2 + 2*q - 2. Suppose -2*l + 4*k = 12, 3*l - 2*l - 3*k + 10 = 0. Let u be g(l). Suppose 6 = -4*w + u*w. What is the units digit of w?
3
Suppose -30 = k - 2*b - 0, 0 = 5*k + 5*b + 105. What is the tens digit of (k/5)/((-3)/10)?
1
Suppose -20 = -4*c + 4*w, -4*c - 4 = 6*w - 2*w. Suppose 5 = -3*l + 4*l, c*y + l - 27 = 0. What is the tens digit of y?
1
Suppose -5*j + 3*c + 1262 = -c, 4*c + 754 = 3*j. What is the hundreds digit of j?
2
Suppose -2 = 2*s - 3*t, 0 = 2*s - t + 2. Let l = 2 - 2. What is the units digit of (s - -1) + (4 - l)?
4
Suppose 0 = -2*g + 12*g - 1870. What is the tens digit of g?
8
Let f(t) = -t**3 - 15*t**2 - 15*t - 6. What is the units digit of f(-14)?
8
Let u = 52 - 90. Let t = -19 - u. What is the units digit of t?
9
Suppose 0 = -4*f - 16, 0 = 2*q + 3*q + 2*f - 12. Suppose 0 = -q*a - 0*a + 36. What is the units digit of a?
9
Let b(r) = r**2 - 22*r - 74. What is the tens digit of b(-10)?
4
Suppose -9 = v - 3*m, v = -3*v + 3*m. Suppose -2*h = -v*h + 39. What is the units digit of h?
9
Let z = 38 - -30. Let n be 0 - (0 - (-1 - -6)). Suppose 8 = c - 0*c + 2*r, n*c - z = 4*r. What is the tens digit of c?
1
Let s = -4 + 8. What is the units digit of s?
4
Suppose -4*j + 18 = 3*v - 7*j, 2*v - 7 = j. Suppose -n + 4*s + s = -5, s = v. What is the units digit of n?
0
Suppose 0*b - 5*b = 4*d - 175, 5*d + 4*b - 212 = 0. Suppose -6*g = -g - d. What is the units digit of g?
8
Suppose 4*o - 161 = -c, o + 201 = 6*o + c. What is the tens digit of o?
4
Let w(k) = -k - 2. Let q be (-10)/(-6) + (-4)/6. Let n be (q/3)/((-1)/9). What is the units digit of w(n)?
1
Suppose 6*u - 185 - 1063 = 0. What is the tens digit of u?
0
Suppose -98 = 2*i + 4*z, 2*i - 4*z = -0*i - 66. Let y = -7 - i. What is the units digit of y?
4
Let z(y) = 6*y**2 + 2*y - 8. What is the tens digit of z(8)?
9
Let g(b) = -10*b - 1. What is the tens digit of g(-2)?
1
Suppose -2*i + 116 = -4*r, i - 5*i + 2*r = -202. Suppose 0 = -y + 5*y + i. Let h = y - -20. What is the units digit of h?
8
What is the tens digit of (-12)/(-42) + (-584)/(-14)?
4
Suppose 0*m - 12 = 2*m. Let q(s) = -s**3 - 5*s**2 - 8*s - 9. Let n be q(m). Suppose -15 = -t + 4*h, -4*t = t + 5*h - n. What is the units digit of t?
5
Suppose -4*a = -0*a + 4. Let b be 1/(a*(-1)/(-5)). Let v(u) = -u**2 - 8*u - 6. What is the units digit of v(b)?
9
Suppose 81 = 5*z - 2*z. Let a = 28 - z. What is the units digit of a?
1
Let j = -23 + 26. Suppose -s - 16 + 158 = 4*r, -5*r - j*s = -174. What is the tens digit of r?
3
Let k = 12 + -3. Suppose -2*c = c - k. Suppose c*y + j - 7 + 1 = 0, 0 = -5*y + 4*j - 7. What is the units digit of y?
1
Suppose 0 = -3*o - 2*t + 4 - 17, 0 = 5*o - 2*t - 5. Let m(f) = 5*f**3 - f**2 - f. Let y be m(o). Let r = -2 - y. What is the units digit of r?
3
Suppose 0 = 5*g + m - 110, -4*m - 39 = 4*g - 127. What is the tens digit of g?
2
Let u(w) = -2*w**2 - 1. Let b be u(1). Let t = 13 + b. What is the tens digit of t?
1
Suppose 0 = -5*p + 10. Suppose 0 = 2*q - 4*l + 2, 0*q + q - l - p = 0. Suppose 2*k + 4*z - 8 = -3*k, -35 = -q*k + 5*z. What is the units digit of k?
4
Suppose 0 = 5*k - 7 - 8. Let p = k + 12. What is the units digit of p?
5
Let t(f) = -2*f**3 + 7 + 4*f - 5*f**2 + f**3 + 2*f. Let m be (-9)/6 + (-9)/2. What is the units digit of t(m)?
7
Let q(y) = -y**3 - 9*y**2 - 7*y + 11. What is the units digit of q(-8)?
3
Let o(i) = 23*i - 60. What is the units digit of o(10)?
0
Suppose 3*c + 2*m - 433 = -0*c, -4*m - 403 = -3*c. What is the units digit of c?
1
Let z = -77 + 259. What is the units digit of z?
2
Suppose -2*l = -3*m - 2 - 12, 5*l - 48 = m. What is the units digit of 44/l + 4/(-10)?
4
Let g(b) = b**3 + 4*b**2 + 2*b + 4. Let s(c) = -c**2 - 2*c. Let k be (1 - (5 + -1)) + 0. Let u be s(k). What is the units digit of g(u)?
7
Let t be (-12)/(-9)*(-6)/(-4). Suppose 4*n - 12 = 2*i - 4*i, 3*n = 4*i - t. Let d = -1 + n. What is the units digit of d?
1
Let v(z) = -z**3 + 13*z**2 + 15*z -